 -335 + -19b9?
-2132
In base 8, what is -20544616 + -26?
-20544644
In base 8, what is -21 - 41376274?
-41376315
In base 12, what is -4 - -68a24b?
68a247
In base 16, what is 12b3af - 65?
12b34a
In base 14, what is -bc - -1623a4?
1622c6
In base 9, what is 37 - 11846751?
-11846713
In base 7, what is 5 + -61145330?
-61145322
In base 4, what is 1 - -3023331123301?
3023331123302
In base 11, what is 16 - -1138481?
1138497
In base 10, what is 854 + -449?
405
In base 8, what is -2520 + -3271?
-6011
In base 10, what is -162 - -10735?
10573
In base 13, what is a - -3c38a36?
3c38a43
In base 13, what is 6 + 435a38b?
435a394
In base 6, what is -1431410010 - 102?
-1431410112
In base 3, what is 10101202220102022002 - 11?
10101202220102021221
In base 4, what is -10 - 13310110011?
-13310110021
In base 11, what is -1159524 - -104?
-1159420
In base 13, what is 8 - -50aabb?
50aac6
In base 10, what is 292614 - 619?
291995
In base 10, what is -342524 - -50?
-342474
In base 9, what is 12063 + -281?
11672
In base 11, what is 40 + 2004442?
2004482
In base 9, what is 121856 - -2055?
124022
In base 7, what is -140630 - -15660?
-121640
In base 11, what is 411 + -125a29?
-125618
In base 13, what is -1 + -4642a477?
-4642a478
In base 13, what is 5 + 565cab?
565cb3
In base 6, what is -105245334 + 0?
-105245334
In base 9, what is 304215342 + 1?
304215343
In base 11, what is 5 - -2945792?
2945797
In base 8, what is -1120 - 23026?
-24146
In base 16, what is -10c1d + -de?
-10cfb
In base 13, what is -23301b - 90?
-2330ab
In base 12, what is -86582 - -22?
-86560
In base 9, what is 1 - -16521556?
16521557
In base 3, what is -10021111120100 - 12?
-10021111120112
In base 11, what is -19641 + -4900?
-23441
In base 10, what is -49254 + 159?
-49095
In base 15, what is 5 - -3921dd?
3921e3
In base 15, what is -5 - 66a7561?
-66a7566
In base 16, what is -2cc1 + b7f?
-2142
In base 8, what is -662 - -605253?
604371
In base 15, what is -7e + 83c3b5?
83c336
In base 12, what is 0 - -1415b3b?
1415b3b
In base 3, what is -21110102010202000 + 0?
-21110102010202000
In base 11, what is 14a4 + 29254?
2a748
In base 2, what is -111001100011101101000011110 + 10?
-111001100011101101000011100
In base 13, what is -88a + 13930?
13073
In base 2, what is -111000010000001 - 110111011010?
-111111001011011
In base 4, what is 2032311 - -3101?
2102012
In base 3, what is 2122011001020 - -1101?
2122011002121
In base 2, what is -1001010000011011010111 + 11001?
-1001010000011010111110
In base 8, what is 130432732 - -1?
130432733
In base 13, what is a376 + -16?
a360
In base 11, what is -4111762a - -7?
-41117623
In base 11, what is 6a7 + 5319?
5a15
In base 7, what is -533 + 32400?
31534
In base 15, what is d910 + -1e1d?
b9e2
In base 13, what is 4397 + 384a?
7c14
In base 10, what is 299 - -118071?
118370
In base 16, what is -2c + 594c0d?
594be1
In base 14, what is -11d5d - -c49?
-11114
In base 7, what is -11103005 + -455?
-11103463
In base 13, what is -376942 + 32?
-376910
In base 4, what is -12 + 3032000021102?
3032000021030
In base 16, what is 34 - bd593?
-bd55f
In base 16, what is 1 - -1934d2b?
1934d2c
In base 4, what is -1323301111112 - 103?
-1323301111221
In base 15, what is 22 - -60590?
605b2
In base 13, what is 3671c99 - 8?
3671c91
In base 16, what is 89 + -14fe2?
-14f59
In base 15, what is -3 + -8bbdb7?
-8bbdba
In base 9, what is 107 - -5142?
5250
In base 15, what is 20 - -4a76c6?
4a76e6
In base 2, what is -10100100011110010111110000 + -11?
-10100100011110010111110011
In base 15, what is 2 - ae0bd?
-ae0bb
In base 12, what is -25995a75 + 8?
-25995a69
In base 4, what is 1233322023122 + 2?
1233322023130
In base 6, what is 11153 - 2333?
4420
In base 9, what is -6860857 - -148?
-6860708
In base 15, what is -e1506 - 7?
-e150d
In base 6, what is 245015151 + -215?
245014532
In base 12, what is 6034 - -ba?
6132
In base 10, what is -2574876 - 462?
-2575338
In base 11, what is 21588 - -1471?
22a49
In base 3, what is 22112221020 - -1120?
22112222210
In base 7, what is 350 - -5456022?
5456402
In base 13, what is -47 - 52846?
-52890
In base 8, what is -34651522 + -25?
-34651547
In base 8, what is -570774 + 2145?
-566627
In base 11, what is -5a - 402a6a8?
-402a757
In base 2, what is 1011101000101111010 - 101010?
1011101000101010000
In base 5, what is 4434423 - 2212?
4432211
In base 5, what is -1041412 + 10332?
-1031030
In base 7, what is -16344053 + -5?
-16344061
In base 11, what is 27974642 - 0?
27974642
In base 14, what is 17 + 125a256?
125a26d
In base 13, what is 4b684 - 1c3?
4b491
In base 15, what is 1a5c + 466?
1ec3
In base 16, what is -9622db - -e?
-9622cd
In base 9, what is -187 + 166632?
166434
In base 12, what is -12b317 + 16a?
-12b169
In base 2, what is 10000000010 - -111001010011001?
111011010011011
In base 3, what is 10001 + 12012102011202?
12012102021210
In base 10, what is 466501 + -331?
466170
In base 7, what is 5335412 - -2304?
5341016
In base 7, what is -3 + -44004550?
-44004553
In base 7, what is -4315306 + -6?
-4315315
In base 6, what is 112 + 10130521?
10131033
In base 4, what is 33 - -11212322121?
11212322220
In base 4, what is 123310 + -23023323?
-22300013
In base 14, what is -3 - 25604c?
-256051
In base 12, what is -36670 + -93?
-36743
In base 10, what is -429835403 + 0?
-429835403
In base 6, what is 25425552 + 2144?
25432140
In base 5, what is 3334234232 - -2?
3334234234
In base 14, what is -2 - 263ccac6?
-263ccac8
In base 4, what is -10 + -11310301113?
-11310301123
In base 10, what is 407740 + 11?
407751
In base 10, what is -7394589 + 3?
-7394586
In base 11, what is -1 - -7a7813?
7a7812
In base 7, what is -1332611215 - -2?
-1332611213
In base 7, what is 3514165450 + 2?
3514165452
In base 10, what is 30 - 1881612?
-1881582
In base 4, what is 220322001033200 - 1?
220322001033133
In base 10, what is -1947 - 83276?
-85223
In base 8, what is -11150 - 221707?
-233057
In base 5, what is -12 - -1201411001?
1201410434
In base 5, what is 4 - -1300314341310?
1300314341314
In base 3, what is 122002200202 - -211000?
122010111202
In base 5, what is 2233 + 22414333?
22422121
In base 2, what is -101010010011 + 11010000111110111?
11001011101100100
In base 6, what is -415 - 15543211?
-15544030
In base 10, what is -1 - 20800542?
-20800543
In base 7, what is 122521 + -622?
121566
In base 3, what is -2 - 111111210112020200?
-111111210112020202
In base 14, what is 266d - 476?
21d7
In base 11, what is 5 - -658111a?
6581124
In base 8, what is -1524 - -447716?
446172
In base 2, what is 110011101010011010011000110 - 1?
110011101010011010011000101
In base 11, what is -1 - -6a05251?
6a05250
In base 5, what is 44204 + -3414013?
-3314304
In base 10, what is -3452895 - -4?
-3452891
In base 9, what is -2551 + -11630?
-14281
In base 2, what is -1100110001110001 - 100011?
-1100110010010100
In base 7, what is 136034 + -306?
135425
In base 13, what is -76c340 - -8?
-76c335
In base 13, what is -398768 + -b?
-398776
In base 14, what is -c4092 + -4?
-c4096
In base 6, what is 45 + 11150304?
11150353
In base 15, what is 12 + 1936eb?
19370d
In base 7, what is -11 - 12204366?
-12204410
In base 11, what is 6820397 - 4?
6820393
In base 8, what is -3 - -46224676?
46224673
In base 13, what is 4 + -66125?
-66121
In base 7, what is -122643 - 432?
-123405
In base 5, what is -3 + 212233223023?
212233223020
In base 16, what is -9 + -1be8ff?
-1be908
In base 13, what is 33 + -2243438?
-2243405
In base 2, what is -101101 + 1000000110111110011?
1000000110111000110
In base 8, what is -1142706311 + 5?
-1142706304
In base 8, what is 1126474364 - 5?
1126474357
In base 6, what is 3 - -1420021135?
1420021142
In base 2, what is 1010101111100101 - -100101000010?
1011010100100111
In base 7, what is -16622063 - 10?
-16622103
In base 2, what is -1001101 + 10000100101100101?
10000100100011000
In base 6, what is -3 + 13033150113?
13033150110
In base 8, what is -76104415 + -13?
-76104430
In base 13, what is -1792 - 18910?
-1a3a2
In base 15, what is -e80a + 769?
-e091
In base 9, what is -2 + 85257011?
85257008
In base 13, what is -27039 + 187?
-26b82
In base 9, what is -457 + 6381?
5823
In base 2, what is 1011 + 1000010010111110101111001?
1000010010111110110000100
In base 13, what is -2 - -1246151b?
12461519
In base 14, what is -10 - 305b71b?
-305b72b
In base 11, what is